2.
12
What is the greatest common divisor of 715 and 1170?
65
What is the greatest common factor of 100 and 380?
20
Calculate the greatest common factor of 8169 and 42.
21
Calculate the greatest common divisor of 88 and 396.
44
What is the highest common factor of 355 and 6319?
71
Calculate the highest common factor of 32090 and 20.
10
Calculate the greatest common factor of 164 and 3403.
41
What is the greatest common factor of 1010 and 10?
10
What is the highest common factor of 66 and 891?
33
What is the highest common factor of 85 and 6766?
17
What is the highest common factor of 1162 and 249?
83
Calculate the highest common factor of 15 and 11105.
5
Calculate the greatest common divisor of 6 and 1038.
6
What is the greatest common divisor of 24 and 736?
8
What is the highest common factor of 625 and 10?
5
Calculate the greatest common divisor of 1552 and 194.
194
Calculate the greatest common divisor of 297 and 108.
27
What is the highest common factor of 44 and 220?
44
What is the highest common factor of 84 and 10248?
84
Calculate the greatest common divisor of 9795 and 45.
15
Calculate the highest common factor of 9 and 4230.
9
What is the highest common divisor of 441 and 1176?
147
What is the highest common factor of 3497 and 65?
13
Calculate the highest common factor of 33 and 957.
33
What is the greatest common divisor of 72 and 24?
24
What is the greatest common divisor of 4 and 4?
4
Calculate the highest common divisor of 107 and 26536.
107
Calculate the highest common factor of 104 and 4328.
8
Calculate the greatest common divisor of 185 and 1813.
37
What is the greatest common divisor of 44 and 286?
22
What is the greatest common factor of 186 and 496?
62
What is the greatest common factor of 60 and 7905?
15
What is the highest common factor of 1 and 128?
1
Calculate the highest common factor of 126 and 198.
18
What is the greatest common factor of 325 and 275?
25
What is the greatest common divisor of 1920 and 15?
15
What is the highest common divisor of 216 and 540?
108
Calculate the highest common divisor of 4791 and 3.
3
Calculate the highest common divisor of 112 and 8.
8
Calculate the greatest common divisor of 65 and 5655.
65
Calculate the highest common divisor of 127 and 1.
1
Calculate the highest common divisor of 72 and 468.
36
Calculate the greatest common divisor of 5 and 90.
5
What is the highest common divisor of 20 and 1270?
10
What is the greatest common divisor of 43197 and 119?
119
Calculate the highest common factor of 1705 and 715.
55
Calculate the greatest common divisor of 16 and 29552.
16
Calculate the highest common divisor of 200 and 5500.
100
Calculate the highest common divisor of 128 and 672.
32
What is the highest common divisor of 392 and 224?
56
Calculate the greatest common factor of 731 and 258.
43
What is the greatest common factor of 82 and 738?
82
Calculate the highest common divisor of 7480 and 170.
170
Calculate the greatest common factor of 651 and 93.
93
What is the highest common divisor of 84 and 324?
12
Calculate the greatest common divisor of 271 and 1.
1
What is the greatest common divisor of 5513 and 596?
149
What is the greatest common divisor of 6 and 174?
6
What is the highest common divisor of 35 and 140?
35
What is the greatest common divisor of 395 and 15?
5
What is the highest common divisor of 476 and 231?
7
Calculate the greatest common divisor of 384 and 12.
12
What is the greatest common divisor of 160 and 120?
40
Calculate the highest common divisor of 19505 and 705.
235
What is the greatest common factor of 4 and 22?
2
Calculate the greatest common divisor of 462 and 3864.
42
What is the greatest common divisor of 19 and 3591?
19
What is the greatest common divisor of 2511 and 31?
31
What is the highest common factor of 17883 and 9?
9
Calculate the highest common factor of 297 and 1683.
99
Calculate the greatest common divisor of 2 and 58.
2
What is the greatest common divisor of 3206 and 42?
14
Calculate the highest common divisor of 135 and 7533.
27
What is the greatest common factor of 9 and 711?
9
Calculate the greatest common factor of 6804 and 28.
28
Calculate the greatest common divisor of 377 and 403.
13
Calculate the greatest common divisor of 873 and 97.
97
What is the highest common factor of 2056 and 32?
8
What is the greatest common factor of 55 and 10054?
11
What is the highest common divisor of 42 and 273?
21
Calculate the greatest common factor of 374 and 154.
22
Calculate the highest common divisor of 50 and 1775.
25
Calculate the highest common factor of 220 and 10.
10
Calculate the highest common factor of 135 and 3735.
45
What is the highest common divisor of 294 and 1911?
147
What is the highest common divisor of 22932 and 52?
52
Calculate the highest common factor of 365 and 584.
73
Calculate the greatest common divisor of 5805 and 135.
135
Calculate the greatest common divisor of 220 and 396.
44
Calculate the highest common factor of 21 and 3633.
21
Calculate the highest common divisor of 7446 and 204.
102
Calculate the highest common divisor of 6 and 669.
3
Calculate the highest common factor of 10164 and 33.
33
What is the highest common divisor of 13 and 104?
13
What is the greatest common divisor of 122 and 549?
61
What is the highest common factor of 10716 and 12?
12
What is the greatest common divisor of 13765 and 10?
5
What is the greatest common factor of 2340 and 16640?
260
What is the highest common divisor of 440 and 40?
40
What is the highest common factor of 189 and 14?
7
Calculate the highest common divisor of 1 and 1.
1
What is the highest common factor of 272 and 16?
16
What is the highest common divisor of 22 and 2266?
22
Calculate the highest common divisor of 24 and 16552.
8
Calculate the greatest common divisor of 261 and 232.
29
Calculate the highest common factor of 14 and 763.
7
What is the greatest common factor of 132 and 12?
12
Calculate the highest common factor of 5151 and 153.
51
What is the highest common divisor of 5780 and 272?
68
Calculate the highest common factor of 126 and 6489.
63
What is the highest common factor of 3771 and 12?
3
What is the highest common divisor of 33 and 517?
11
What is the greatest common factor of 7 and 17?
1
Calculate the greatest common divisor of 194 and 4753.
97
Calculate the highest common divisor of 5548 and 76.
76
Calculate the greatest common factor of 132 and 363.
33
What is the greatest common divisor of 108 and 4?
4
Calculate the highest common divisor of 130 and 1742.
26
Calculate the greatest common divisor of 15 and 1176.
3
Calculate the highest common divisor of 16618 and 42.
14
Calculate the highest common factor of 9775 and 50.
25
What is the greatest common factor of 21286 and 58?
58
Calculate the highest common divisor of 175 and 1141.
7
What is the greatest common divisor of 848 and 16?
16
What is the highest common factor of 708 and 295?
59
What is the greatest common divisor of 228 and 380?
76
What is the greatest common divisor of 850 and 85?
85
What is the greatest common divisor of 161 and 115?
23
What is the highest common factor of 275 and 25?
25
What is the highest common divisor of 120 and 1284?
12
What is the highest common factor of 259 and 333?
37
What is the highest common factor of 9483 and 174?
87
What is the highest common factor of 4146 and 24?
6
What is the highest common divisor of 437 and 78223?
437
What is the greatest common divisor of 980 and 294?
98
What is the greatest common divisor of 210 and 75?
15
Calculate the highest common divisor of 6 and 1542.
6
What is the greatest common divisor of 25 and 40?
5
What is the greatest common divisor of 55 and 20?
5
What is the highest common factor of 646 and 3859?
17
What is the greatest common factor of 130 and 91?
13
Calculate the greatest common factor of 2041 and 1256.
157
Calculate the highest common factor of 704 and 256.
64
What is the highest common divisor of 5520 and 7820?
460
What is the greatest common divisor of 9 and 9?
9
Calculate the greatest common factor of 550 and 2651.
11
Calculate the highest common factor of 153 and 68.
17
What is the greatest common factor of 5319 and 9?
9
Calculate the greatest common factor of 99 and 132.
33
What is the highest common divisor of 1092 and